- 4*p. Calculate a(z).
6
Suppose 5*c - h - 15 = c, -3*c + 12 = -h. Let v be c*1/3*-4. Let m(g) = -4*g - 6. Calculate m(v).
10
Let y be (-14)/28 + (-10)/(-4). Let j(i) = 2*i + 1. Calculate j(y).
5
Let c(z) = 1 - 4 + z**2 - 8*z**2 + 4*z. Let k(q) = 6*q**2 - 5*q + 4. Suppose -2*t - 5*g = -19, 4*t = 3*g - 4*g - 7. Let n(a) = t*c(a) - 2*k(a). What is n(1)?
8
Let x(m) be the first derivative of -m**5/24 - m**4/6 + 8*m**3/3 - 1. Let a(t) be the third derivative of x(t). Give a(-3).
11
Let k(w) = 5*w - 1. Let t be k(2). Let z(v) = v**2 + 3*v + 3. Let s(d) = -2*d**2 - 7*d - 6. Let l(m) = t*z(m) + 4*s(m). Give l(3).
9
Let p(r) = -r - 6. Let s be p(-8). Let q(u) = 1 - s*u**3 + 0*u**2 + u - 5*u**3 + u**2. Determine q(-1).
8
Let u(p) be the first derivative of -5/3*p**3 - 1 - 1/4*p**4 + 3*p**2 + 0*p. Determine u(-6).
0
Let l(v) = v**3 + 2*v**2 - v + 5. Let z = -76 + 72. Give l(z).
-23
Let t(n) = -n**2 - 2*n + 1. Let u be t(1). Let d be (u - (-2 - -2)) + 4. Let h(s) = -3*s**2 - s**3 + 0*s**d + 3 + s**2 + 5*s. Determine h(-3).
-3
Let y(j) = -3*j + 3. Suppose -h = -4*p - 3, 4*h - 7*p = -3*p + 12. Determine y(h).
-6
Let t(u) = -7*u**2 + 5*u - 23. Let z(r) = 3*r**2 - 3*r + 11. Let i(v) = 4*t(v) + 9*z(v). Give i(-7).
7
Suppose 0 = -3*y - y - 4*d - 12, -2*y = 3*d + 9. Let f(h) = 4 + 2*h + y*h - 3*h. Let o = 2 - 5. What is f(o)?
7
Let u = -14 + 17. Let s(a) = -a**3 + a**2 + 4*a - 1. Calculate s(u).
-7
Suppose -5*o - t - 27 = 2*t, -o - 3*t = 3. Let j = 5 + o. Let k(z) = -5*z. Determine k(j).
5
Let b(r) = -2*r + 5. Let d = 3 - 10. Give b(d).
19
Let o(j) = 5*j**2 - 1. Suppose -8 = -2*v - 6. Determine o(v).
4
Let v(y) be the first derivative of -y**3/3 - 5*y**2/2 - 2*y + 3. Calculate v(-5).
-2
Let c(b) = -3*b**3 + 2*b. Let q(d) be the first derivative of -13*d**4/4 + d**3/3 + 9*d**2/2 + d - 5. Let r(s) = 9*c(s) - 2*q(s). Calculate r(-3).
7
Let m be (-3 + 10/3)*6. Suppose 0 = -h + 5*k + 12, 2*k = -2*h + 12. Let u(d) = -1 - d**2 - 2 - 4*d + h*d. What is u(m)?
-1
Let f(v) be the third derivative of 1/24*v**4 + 0*v - 2/3*v**3 - v**2 + 0. Determine f(0).
-4
Suppose 2*p = 3*p. Let z(i) = i**3 + p*i**2 + 6*i**3 - 2*i**3 + i**2. What is z(-1)?
-4
Let g be 1*(-2 - (7 - 4)). Let a(t) = -t**2 - 5*t - 5. Give a(g).
-5
Let v(a) = a**2 + 7*a + 3. Let f be v(-7). Suppose -5*j + 12 = -j. Let r(o) = o + 3 - j. Determine r(f).
3
Let p be -8 - ((-2)/11 - 217/77). Let s(k) = -k**3 - 4*k**2 - k + 2. Give s(p).
32
Let n(z) = -z**3 + 4*z**2 - 4*z + 1. Let q(h) = h - 3. Let x be q(6). Give n(x).
-2
Let n(h) = 5*h + 1 - 3*h**2 + 1 + 2*h**2 + 0. What is n(4)?
6
Let d(l) = -5*l**2 - 7*l - 2. Let g(u) = -u**2. Let y(b) = -d(b) + 4*g(b). Determine y(-7).
2
Let b(h) = -h - 4. Let r be b(-4). Let i(f) = -1 - 4*f**2 - f**3 + 3*f**2 + r*f**2 - f + 2*f**2. Give i(-1).
2
Let g be 4/(-3)*(-6)/4. Let w(j) = g - 4 - 4*j + 2*j + j**2 + 0*j. Give w(3).
1
Let z be (-4 - -8)/((2 - 1)/(-1)). Let y(v) = -2*v - 5. Determine y(z).
3
Let c(d) = -4*d - 1. Suppose 3*y + g - 4 = 2*y, 0 = 2*y + g - 5. Give c(y).
-5
Let x(b) = -b. Let d be x(-3). Let o(v) = 2*v - 3*v - 2*v**d + 3*v**3 + 0*v. Give o(-2).
-6
Let f(x) = -3*x - 9 + 7*x - 3*x. Give f(4).
-5
Let u(s) = 5*s - 6 + s - 7*s. Give u(0).
-6
Suppose 0 = -i - i + 4. Let k be (-4)/(-2)*3/i. Let r(q) = -q + k*q + 0*q - 2 + 2*q. Determine r(2).
6
Suppose -2*o + 2*l + 12 = -2, 11 = -2*o - 3*l. Let z(s) be the second derivative of 1/6*s**3 + 1/20*s**5 - 1/4*s**4 + s + 0 + 1/2*s**o. What is z(2)?
-1
Let x be -1 + -2 + 2 + 5. Suppose -10 = x*i + 2. Let p(r) = -r**2 - 6*r - 3. Calculate p(i).
6
Let t = 13 - 8. Let f(a) = t*a + 4*a + 2 - 3*a - 3. What is f(-1)?
-7
Let w(m) = 3 + 3*m - 10 - m. Let f(o) = -5*o + 15. Let p(l) = 4*f(l) + 9*w(l). What is p(-2)?
1
Let t(q) = 2*q - 3*q - 3*q**2 + 1 + 0*q**2. Suppose 5*m - 2*m - 4 = -5*p, 0 = -3*m - 6. Calculate t(p).
-13
Let r(t) = 5*t + 1. Let o(q) = q. Let z(i) = 4*o(i) - r(i). What is z(1)?
-2
Let t(d) = -d**3 - d**2 + 6. Let u be t(0). Let r(h) be the third derivative of -h**5/60 + h**4/4 + h**3 - 4*h**2. Calculate r(u).
6
Suppose -5*a = -31 - 4. Suppose 2*c - a*c + 5 = 0. Let k(o) be the third derivative of -o**4/8 + 2*o**2. What is k(c)?
-3
Let y(g) = -2*g**3 - 5*g**2 + 9*g - 1. Let s(h) be the first derivative of -h**4/4 - 2*h**3/3 + 2*h**2 - h - 1. Let b(t) = -7*s(t) + 3*y(t). Determine b(0).
4
Let t(r) = 30*r**2 - 4 + 7*r - 57*r**2 + 26*r**2. Determine t(5).
6
Let w be (-2)/8 + (-9)/12. Let k(r) = -4*r + 3*r - 4*r. What is k(w)?
5
Let z(m) = m**2 + 8*m - 9. Let d(n) = 2*n**2 + 18*n - 9. Let h be d(-9). Determine z(h).
0
Let w = -2 + 3. Let o(t) = -2*t**2 - 1 + t**2 + w + 2*t. Determine o(2).
0
Let y(r) = -11*r**2. Let s(g) = -g**3 + 15*g**2 + 9*g + 5. Let i(b) = b**3 - 14*b**2 - 9*b - 6. Let d(p) = -6*i(p) - 5*s(p). Let f be d(10). What is y(f)?
-11
Let p = -2 + 8. Let v(x) = x**2 - 7*x. Give v(p).
-6
Let h(i) = i**2 - i**2 - i - i + i**2. Suppose 0 = -6*k + 9*k + 6. What is h(k)?
8
Let i(l) = l + 0*l - 9 - 3. Let v = 22 - 17. Determine i(v).
-7
Let r(k) = -3 + 12*k + 0*k**2 + 2 - 8*k - k**2. Suppose 3*b - 4*b = -3. Suppose c = 8 - b. What is r(c)?
-6
Let b(u) = 8*u + 4*u - 1 - 11*u. Let l = 1 - 3. Give b(l).
-3
Let o = 86 - 80. Let u(i) = i**2 - 4*i - 8. Determine u(o).
4
Let q(t) = 10*t**3 - 28*t**2 + 11*t - 13. Let w(l) = 7*l**3 - 19*l**2 + 7*l - 9. Let m(k) = 5*q(k) - 7*w(k). Suppose -g + 5*g - 24 = 0. Determine m(g).
-2
Let m be 0/(-1*(-1 - -2)). Let n(a) be the third derivative of -1/24*a**4 + 0 - 1/15*a**5 - 3*a**2 - 1/120*a**6 + m*a + 1/3*a**3. What is n(-4)?
6
Let b(n) = n**3 - 2*n**2 + 3*n - 2. Let d be b(1). Let y(h) = -h**2 - 12. What is y(d)?
-12
Suppose 6*u - 20 = 2*u. Let m = -6 + u. Let k(q) = -5*q + 1. Give k(m).
6
Let k(f) = -6*f - 6. Let r(l) = 5*l + 7. Let j(m) = 4*k(m) + 5*r(m). Calculate j(-8).
3
Let o(f) = 2*f. Let d = -1 - -7. Let y(k) = k**3 - 7*k**2 + 8*k - 7. Let g be y(d). Calculate o(g).
10
Let j(t) = 3*t + 5 - 3 - 2*t**2 + 3*t**2 - 1. Let q be (-16)/7 - 2/(-7). Calculate j(q).
-1
Suppose -d + 18 = -2*d + 4*p, 4*d - 3 = p. Let o(g) be the second derivative of 0 + d*g**2 + 7/6*g**3 - g + 1/12*g**4. What is o(-6)?
-2
Let f(q) = q**3 - q**2 + q + 2. Suppose -2*m - 2*m = 0. Calculate f(m).
2
Let n(p) = -p + 0*p - 6 + 1 + 14. Determine n(5).
4
Let g(n) = 3*n**3 - n**2 + 1. Suppose 4*t - 3 = t. What is g(t)?
3
Let i be 2 + (1 + -1 - 4). Let h(u) be the first derivative of -6 + 3*u + 7/2*u**2. Give h(i).
-11
Suppose x + y + 8 = 3*y, -2*x - 18 = -2*y. Let g be 0 + x/4*-2. Let w(z) be the third derivative of z**4/24 - 2*z**3/3 - 7*z**2. What is w(g)?
1
Let h(l) = 0*l - l + 6*l + 2*l. Calculate h(-1).
-7
Let f(s) = -s**3 - 4*s**2 - s. Suppose -3*n + 21 = -8*n + 2*i, -n + 3*i - 12 = 0. Give f(n).
-6
Let h(u) be the first derivative of -u**5/20 - 5*u**4/12 + u**3/3 + 7*u**2/2 + u - 3. Let k(p) be the first derivative of h(p). Determine k(-5).
-3
Let y be (-8)/(-24)*12/1. Let s be y + 1 + 3*-1. Let q(l) = -l**2 + 2*l**3 - 3*l**3 + s*l**3 + 1. What is q(2)?
5
Let c(p) = 467*p**3 - 466*p**3 + 2*p - p - 4*p**2. What is c(4)?
4
Let q(j) be the first derivative of j**4/4 - 4*j**3 + 11*j**2/2 + 2*j + 2. Let l be q(11). Let w(z) = 2*z**3 - z**2 + z - 1. Determine w(l).
13
Let c(f) = -5*f - 6. Let h(b) = -b. Let x(l) = -c(l) + 6*h(l). Suppose -2*t + 5*q - 3 = 0, 3*t - 4*t - 2*q = -12. Give x(t).
0
Let a(q) be the third derivative of -q**6/120 + q**4/24 + 15*q**2. What is a(2)?
-6
Let y(l) = l**2 - 7*l - 1. Let g = 4 + 0. Suppose g*u - 3*w - 9 = 2*w, 2*u - 2 = 2*w. Let z be (-15)/(u + 1)*1. Calculate y(z).
-11
Suppose -5*j = -3*h - 15, h - 5*h - 15 = -5*j. Suppose -r = -3*r + 4*i - 4, -18 = -4*r - 5*i. Let a(c) = -r - 7*c - c**2 - 1 - j. Calculate a(-4).
6
Let a(j) be the second derivative of j**7/840 + j**6/90 + j**5/30 - j**4/24 - 5*j**3/3 - 4*j. Let y(m) be the second derivative of a(m). Give y(-4).
-17
Suppose -3*t + 4 = -t. Suppose 0 = -t*d + d + 3. Suppose 0*s - 5*s = -3*u - 3, -3*u = -d*s + 3. Let y(c) = -2*c. Calculate y(u).
2
Suppose -3*t + 2 = -4*t - 2*a, -3*t + 4*a = -24. Let b(d) = d**2 - d - 4. Let z(r) = r**2 - 2*r - 3. Let p(j) = 4*b(j) - 5*z(j). Determine p(t).
7
Let h = 8 - 5. Let d(n) = 5*n**2 + 3*n - n - n + 4 + n**h. Let l(z) = -2*z**2 + 3*z - 3. Let o be l(2). Give d(o).
-1
Let i be 2/(-1) 